{"id":113,"date":"2023-04-06T10:43:14","date_gmt":"2023-04-06T08:43:14","guid":{"rendered":"https:\/\/sixnapsis.com\/?page_id=113"},"modified":"2025-06-11T10:04:00","modified_gmt":"2025-06-11T08:04:00","slug":"hopfone","status":"publish","type":"page","link":"https:\/\/sixnapsis.com\/?page_id=113","title":{"rendered":"Hopfone"},"content":{"rendered":"\n<p>La communication entre professionnels de sant\u00e9 est un enjeu de sant\u00e9 de s\u00e9curit\u00e9 des soins. Le personnel m\u00e9dical, param\u00e9dical, administratif ou technique a besoin de pouvoir contacter rapidement et efficacement d&rsquo;autres services ou confr\u00e8res.<\/p>\n\n\n\n<p>D\u00e9velopp\u00e9 par et pour des m\u00e9decins au sein d&rsquo;un h\u00f4pital l&rsquo;application Hopfone permet d&rsquo;appeler rapidement ses coll\u00e8gues. Il s&rsquo;agit d&rsquo;un annuaire par service qui s&rsquo;adresse \u00e0 tous les hospitaliers pour faciliter la communication.  <\/p>\n\n\n\n<p><\/p>\n\n\n\n<div class=\"wp-block-cover alignfull is-light\" style=\"min-height:451px;aspect-ratio:unset;\"><span aria-hidden=\"true\" class=\"wp-block-cover__background has-background-dim-100 has-background-dim\" style=\"background-color:#ffffff\"><\/span><div class=\"wp-block-cover__inner-container is-layout-flow wp-block-cover-is-layout-flow\">\n<div class=\"wp-block-media-text alignwide is-stacked-on-mobile is-vertically-aligned-center margin: 8px\" style=\"grid-template-columns:25% auto\"><figure class=\"wp-block-media-text__media\"><img loading=\"lazy\" decoding=\"async\" width=\"501\" height=\"1024\" src=\"https:\/\/sixnapsis.com\/wp-content\/uploads\/2025\/06\/iPhone-16-Pro-Black-Titanium-PortraitRaccourci-501x1024.png\" alt=\"\" class=\"wp-image-211 size-full\" srcset=\"https:\/\/sixnapsis.com\/wp-content\/uploads\/2025\/06\/iPhone-16-Pro-Black-Titanium-PortraitRaccourci-501x1024.png 501w, https:\/\/sixnapsis.com\/wp-content\/uploads\/2025\/06\/iPhone-16-Pro-Black-Titanium-PortraitRaccourci-147x300.png 147w, https:\/\/sixnapsis.com\/wp-content\/uploads\/2025\/06\/iPhone-16-Pro-Black-Titanium-PortraitRaccourci-768x1570.png 768w, https:\/\/sixnapsis.com\/wp-content\/uploads\/2025\/06\/iPhone-16-Pro-Black-Titanium-PortraitRaccourci-751x1536.png 751w, https:\/\/sixnapsis.com\/wp-content\/uploads\/2025\/06\/iPhone-16-Pro-Black-Titanium-PortraitRaccourci-1002x2048.png 1002w, https:\/\/sixnapsis.com\/wp-content\/uploads\/2025\/06\/iPhone-16-Pro-Black-Titanium-PortraitRaccourci-1000x2044.png 1000w, https:\/\/sixnapsis.com\/wp-content\/uploads\/2025\/06\/iPhone-16-Pro-Black-Titanium-PortraitRaccourci-230x470.png 230w, https:\/\/sixnapsis.com\/wp-content\/uploads\/2025\/06\/iPhone-16-Pro-Black-Titanium-PortraitRaccourci-350x716.png 350w, https:\/\/sixnapsis.com\/wp-content\/uploads\/2025\/06\/iPhone-16-Pro-Black-Titanium-PortraitRaccourci-480x981.png 480w, https:\/\/sixnapsis.com\/wp-content\/uploads\/2025\/06\/iPhone-16-Pro-Black-Titanium-PortraitRaccourci-scaled.png 1252w\" sizes=\"auto, (max-width: 501px) 100vw, 501px\" \/><\/figure><div class=\"wp-block-media-text__content\">\n<h2 class=\"wp-block-heading has-text-color\" style=\"color:#000000;font-size:32px\"><strong>Quel est le probl\u00e8me&nbsp;?<\/strong><\/h2>\n\n\n\n<p class=\"has-text-color\" style=\"color:#000000;font-size:17px\">Rapide, pratique, le logiciel permet d&rsquo;appeler des coll\u00e8gues, des num\u00e9ros d&rsquo;urgence au sein d&rsquo;une entreprise ou d&rsquo;un groupe de personnes. <\/p>\n\n\n\n<p class=\"has-text-color\" style=\"color:#000000;font-size:17px\">Le logiciel n\u00e9cessite un compte pour acc\u00e9der aux num\u00e9ros internes. Il permet d&rsquo;utiliser des raccourcis \u00e0 5 chiffres transform\u00e9s en num\u00e9ros \u00e0 10 chiffres par l&rsquo;application pour utiliser les m\u00eames num\u00e9ros que le serveur de t\u00e9l\u00e9phonie interne \u00e0 l&rsquo;entreprise.<\/p>\n\n\n\n<p>Il permet d&rsquo;avoir un r\u00e9f\u00e9rentiel commun de num\u00e9ros de t\u00e9l\u00e9phone \u00e0 appeler au besoin.<\/p>\n\n\n\n<div class=\"wp-block-buttons is-layout-flex wp-block-buttons-is-layout-flex\">\n<div class=\"wp-block-button is-style-outline is-style-outline--1\"><a class=\"wp-block-button__link wp-element-button\" href=\"https:\/\/play.google.com\/store\/apps\/details?id=com.sixnapsis.hopfone&amp;pli=1\">TELECHARGER POUR ANDROID<\/a><\/div>\n\n\n\n<div class=\"wp-block-button is-style-outline is-style-outline--2\"><a class=\"wp-block-button__link wp-element-button\" href=\"https:\/\/apps.apple.com\/fr\/app\/hopfone\/id6446802596\">TELECHARGER POUR IPHONE<\/a><\/div>\n<\/div>\n<\/div><\/div>\n<\/div><\/div>\n\n\n\n<div class=\"wp-block-group alignfull has-text-color has-background is-layout-flow wp-block-group-is-layout-flow\" style=\"color:#000000;background-color:#ffffff\">\n<div style=\"height:64px\" aria-hidden=\"true\" class=\"wp-block-spacer\"><\/div>\n\n\n\n<p class=\"has-text-align-center has-small-font-size\" style=\"line-height:.9\"><strong>Contactez nous<\/strong><\/p>\n\n\n\n<h2 class=\"wp-block-heading has-text-align-center\" id=\"schedule-a-visit\" style=\"font-size:59px;line-height:1.15\"><strong>Une question ? Un besoin ?<\/strong><\/h2>\n\n\n\n<div class=\"wp-block-buttons is-horizontal is-content-justification-center is-layout-flex wp-container-core-buttons-is-layout-03627597 wp-block-buttons-is-layout-flex\">\n<div class=\"wp-block-button has-custom-width wp-block-button__width-50\"><a class=\"wp-block-button__link has-text-color has-background wp-element-button\" href=\"mailto:contact@sixnapsis.com\" style=\"border-radius:50px;color:#ffffff;background-color:#000000\">Contactez-nous<\/a><\/div>\n<\/div>\n\n\n\n<div style=\"height:64px\" aria-hidden=\"true\" class=\"wp-block-spacer\"><\/div>\n<\/div>\n\n\n\n<p>J. Verch\u00e8re, 6 avril 2023<\/p>\n\n\n\n<hr class=\"wp-block-separator has-css-opacity is-style-default\"\/>\n\n\n\n<hr class=\"wp-block-separator has-css-opacity is-style-default\"\/>\n","protected":false},"excerpt":{"rendered":"<p>La communication entre professionnels de sant\u00e9 est un enjeu de sant\u00e9 de s\u00e9curit\u00e9 des soins. Le personnel m\u00e9dical, param\u00e9dical, administratif ou technique [&hellip;]<\/p>\n","protected":false},"author":1,"featured_media":0,"parent":0,"menu_order":0,"comment_status":"closed","ping_status":"closed","template":"","meta":{"footnotes":""},"class_list":["post-113","page","type-page","status-publish","hentry"],"_links":{"self":[{"href":"https:\/\/sixnapsis.com\/index.php?rest_route=\/wp\/v2\/pages\/113","targetHints":{"allow":["GET"]}}],"collection":[{"href":"https:\/\/sixnapsis.com\/index.php?rest_route=\/wp\/v2\/pages"}],"about":[{"href":"https:\/\/sixnapsis.com\/index.php?rest_route=\/wp\/v2\/types\/page"}],"author":[{"embeddable":true,"href":"https:\/\/sixnapsis.com\/index.php?rest_route=\/wp\/v2\/users\/1"}],"replies":[{"embeddable":true,"href":"https:\/\/sixnapsis.com\/index.php?rest_route=%2Fwp%2Fv2%2Fcomments&post=113"}],"version-history":[{"count":15,"href":"https:\/\/sixnapsis.com\/index.php?rest_route=\/wp\/v2\/pages\/113\/revisions"}],"predecessor-version":[{"id":226,"href":"https:\/\/sixnapsis.com\/index.php?rest_route=\/wp\/v2\/pages\/113\/revisions\/226"}],"wp:attachment":[{"href":"https:\/\/sixnapsis.com\/index.php?rest_route=%2Fwp%2Fv2%2Fmedia&parent=113"}],"curies":[{"name":"wp","href":"https:\/\/api.w.org\/{rel}","templated":true}]}}