{"id":140,"date":"2023-04-12T22:10:35","date_gmt":"2023-04-12T20:10:35","guid":{"rendered":"https:\/\/sixnapsis.com\/?page_id=140"},"modified":"2026-02-27T12:05:46","modified_gmt":"2026-02-27T11:05:46","slug":"sixnapsis","status":"publish","type":"page","link":"https:\/\/sixnapsis.com\/","title":{"rendered":""},"content":{"rendered":"\n<div class=\"wp-block-cover alignfull is-light\" style=\"min-height:100vh;aspect-ratio:unset;\"><span aria-hidden=\"true\" class=\"wp-block-cover__background has-background-dim-100 has-background-dim\" style=\"background-color:#ffffff\"><\/span><div class=\"wp-block-cover__inner-container is-layout-flow wp-block-cover-is-layout-flow\">\n<div class=\"wp-block-media-text alignwide is-stacked-on-mobile is-vertically-aligned-center is-image-fill-element\" style=\"grid-template-columns:56% auto\"><figure class=\"wp-block-media-text__media\"><img loading=\"lazy\" decoding=\"async\" width=\"1024\" height=\"500\" src=\"https:\/\/www.sixnapsis.com\/wp-content\/uploads\/2023\/04\/presentationandroidasiteweb.png\" alt=\"\" class=\"wp-image-142 size-full\" style=\"object-position:50% 50%\" srcset=\"https:\/\/sixnapsis.com\/wp-content\/uploads\/2023\/04\/presentationandroidasiteweb.png 1024w, https:\/\/sixnapsis.com\/wp-content\/uploads\/2023\/04\/presentationandroidasiteweb-300x146.png 300w, https:\/\/sixnapsis.com\/wp-content\/uploads\/2023\/04\/presentationandroidasiteweb-768x375.png 768w, https:\/\/sixnapsis.com\/wp-content\/uploads\/2023\/04\/presentationandroidasiteweb-1000x488.png 1000w, https:\/\/sixnapsis.com\/wp-content\/uploads\/2023\/04\/presentationandroidasiteweb-230x112.png 230w, https:\/\/sixnapsis.com\/wp-content\/uploads\/2023\/04\/presentationandroidasiteweb-350x171.png 350w, https:\/\/sixnapsis.com\/wp-content\/uploads\/2023\/04\/presentationandroidasiteweb-480x234.png 480w\" sizes=\"auto, (max-width: 1024px) 100vw, 1024px\" \/><\/figure><div class=\"wp-block-media-text__content\">\n<h2 class=\"wp-block-heading has-text-color\" style=\"color:#000000;font-size:32px\"><strong>Age Gestationnel<\/strong><\/h2>\n\n\n\n<p class=\"has-text-color\" style=\"color:#000000;font-size:17px\">Disponible sur iPhone et Android, l&rsquo;application age gestationnel permet de suivre une grossesse. Les professionnels de sant\u00e9 trouvent un outil pratique pour calculer rapidement les dates cl\u00e9s de la grossesse, les femmes enceintes y trouvent un guide leur permettant de suivre pas \u00e0 pas les semaines de d\u00e9veloppement du futur b\u00e9b\u00e9.<\/p>\n\n\n\n<div class=\"wp-block-buttons is-layout-flex wp-block-buttons-is-layout-flex\">\n<div class=\"wp-block-button is-style-fill\"><a class=\"wp-block-button__link wp-element-button\" href=\"https:\/\/sixnapsis.com\/?p=1\">EN SAVOIR PLUS<\/a><\/div>\n<\/div>\n<\/div><\/div>\n\n\n\n<div class=\"wp-block-media-text alignwide is-stacked-on-mobile is-vertically-aligned-center is-image-fill-element\" style=\"grid-template-columns:56% auto\"><figure class=\"wp-block-media-text__media\"><img loading=\"lazy\" decoding=\"async\" width=\"1024\" height=\"500\" src=\"https:\/\/www.sixnapsis.com\/wp-content\/uploads\/2023\/04\/fondecran1024x500.png\" alt=\"\" class=\"wp-image-144 size-full\" style=\"object-position:50% 50%\"\/><\/figure><div class=\"wp-block-media-text__content\">\n<h2 class=\"wp-block-heading has-text-color\" style=\"color:#000000;font-size:32px\"><strong>Hopfone<\/strong><\/h2>\n\n\n\n<p class=\"has-text-color\" style=\"color:#000000;font-size:17px\">Un annuaire professionnel pour android et iPhone avec un acc\u00e8s rapide \u00e0 des contacts professionnels, un acc\u00e8s \u00e0 des raccourcis \u00e0 5 chiffres utilis\u00e9s sur les standards de t\u00e9l\u00e9phonie professionnels.<\/p>\n\n\n\n<div class=\"wp-block-buttons is-layout-flex wp-block-buttons-is-layout-flex\">\n<div class=\"wp-block-button is-style-fill\"><a class=\"wp-block-button__link wp-element-button\" href=\"https:\/\/sixnapsis.com\/?page_id=113\">EN SAVOIR PLUS<\/a><\/div>\n<\/div>\n<\/div><\/div>\n\n\n\n<div class=\"wp-block-media-text alignwide is-stacked-on-mobile is-vertically-aligned-center is-image-fill-element\" style=\"grid-template-columns:56% auto\"><figure class=\"wp-block-media-text__media\"><img loading=\"lazy\" decoding=\"async\" width=\"1024\" height=\"500\" src=\"https:\/\/www.sixnapsis.com\/wp-content\/uploads\/2023\/04\/TitreAndroid1024x400.png\" alt=\"\" class=\"wp-image-145 size-full\" style=\"object-position:50% 50%\" srcset=\"https:\/\/sixnapsis.com\/wp-content\/uploads\/2023\/04\/TitreAndroid1024x400.png 1024w, https:\/\/sixnapsis.com\/wp-content\/uploads\/2023\/04\/TitreAndroid1024x400-300x146.png 300w, https:\/\/sixnapsis.com\/wp-content\/uploads\/2023\/04\/TitreAndroid1024x400-768x375.png 768w, https:\/\/sixnapsis.com\/wp-content\/uploads\/2023\/04\/TitreAndroid1024x400-1000x488.png 1000w, https:\/\/sixnapsis.com\/wp-content\/uploads\/2023\/04\/TitreAndroid1024x400-230x112.png 230w, https:\/\/sixnapsis.com\/wp-content\/uploads\/2023\/04\/TitreAndroid1024x400-350x171.png 350w, https:\/\/sixnapsis.com\/wp-content\/uploads\/2023\/04\/TitreAndroid1024x400-480x234.png 480w\" sizes=\"auto, (max-width: 1024px) 100vw, 1024px\" \/><\/figure><div class=\"wp-block-media-text__content\">\n<h2 class=\"wp-block-heading has-text-color\" style=\"color:#000000;font-size:32px\"><strong>do110cpm<\/strong><\/h2>\n\n\n\n<p class=\"has-text-color\" style=\"color:#000000;font-size:17px\">Un m\u00e9tronome \u00e0 110\/min pour s&rsquo;entrainer \u00e0 la r\u00e9animation cardio-pulmonaire au bon rythme. Pratique dans son t\u00e9l\u00e9phone !<\/p>\n\n\n\n<div class=\"wp-block-buttons is-layout-flex wp-block-buttons-is-layout-flex\">\n<div class=\"wp-block-button is-style-fill\"><a class=\"wp-block-button__link wp-element-button\" href=\"https:\/\/play.google.com\/store\/apps\/details?id=com.do110cpm&amp;hl=fr\">TELECHARGER<\/a><\/div>\n<\/div>\n<\/div><\/div>\n<\/div><\/div>\n\n\n\n<div class=\"wp-block-group alignfull has-text-color has-background is-layout-flow wp-block-group-is-layout-flow\" style=\"color:#000000;background-color:#ffffff\">\n<div style=\"height:64px\" aria-hidden=\"true\" class=\"wp-block-spacer\"><\/div>\n\n\n\n<p class=\"has-text-align-center has-small-font-size\" style=\"line-height:.9\"><strong>Contactez nous<\/strong><\/p>\n\n\n\n<h2 class=\"wp-block-heading alignwide has-text-align-center\" id=\"schedule-a-visit\" style=\"font-size:59px;line-height:1.15\"><strong>Une question ? Une demande ?<\/strong><\/h2>\n\n\n\n<div class=\"wp-block-buttons is-horizontal is-content-justification-center is-layout-flex wp-container-core-buttons-is-layout-03627597 wp-block-buttons-is-layout-flex\">\n<div class=\"wp-block-button has-custom-width wp-block-button__width-50\"><a class=\"wp-block-button__link has-text-color has-background wp-element-button\" href=\"mailto:contact@sixnapsis.com\" style=\"border-radius:50px;color:#ffffff;background-color:#000000\">Contactez-nous<\/a><\/div>\n<\/div>\n\n\n\n<div style=\"height:64px\" aria-hidden=\"true\" class=\"wp-block-spacer\"><\/div>\n<\/div>\n","protected":false},"excerpt":{"rendered":"<p>Contactez nous Une question ? Une demande ?<\/p>\n","protected":false},"author":1,"featured_media":144,"parent":0,"menu_order":0,"comment_status":"closed","ping_status":"closed","template":"page-templates\/page_front-page.php","meta":{"footnotes":""},"class_list":["post-140","page","type-page","status-publish","has-post-thumbnail","hentry"],"_links":{"self":[{"href":"https:\/\/sixnapsis.com\/index.php?rest_route=\/wp\/v2\/pages\/140","targetHints":{"allow":["GET"]}}],"collection":[{"href":"https:\/\/sixnapsis.com\/index.php?rest_route=\/wp\/v2\/pages"}],"about":[{"href":"https:\/\/sixnapsis.com\/index.php?rest_route=\/wp\/v2\/types\/page"}],"author":[{"embeddable":true,"href":"https:\/\/sixnapsis.com\/index.php?rest_route=\/wp\/v2\/users\/1"}],"replies":[{"embeddable":true,"href":"https:\/\/sixnapsis.com\/index.php?rest_route=%2Fwp%2Fv2%2Fcomments&post=140"}],"version-history":[{"count":13,"href":"https:\/\/sixnapsis.com\/index.php?rest_route=\/wp\/v2\/pages\/140\/revisions"}],"predecessor-version":[{"id":232,"href":"https:\/\/sixnapsis.com\/index.php?rest_route=\/wp\/v2\/pages\/140\/revisions\/232"}],"wp:featuredmedia":[{"embeddable":true,"href":"https:\/\/sixnapsis.com\/index.php?rest_route=\/wp\/v2\/media\/144"}],"wp:attachment":[{"href":"https:\/\/sixnapsis.com\/index.php?rest_route=%2Fwp%2Fv2%2Fmedia&parent=140"}],"curies":[{"name":"wp","href":"https:\/\/api.w.org\/{rel}","templated":true}]}}