{"id":196,"date":"2024-02-05T22:02:43","date_gmt":"2024-02-05T21:02:43","guid":{"rendered":"https:\/\/sixnapsis.com\/?page_id=196"},"modified":"2024-02-05T22:02:45","modified_gmt":"2024-02-05T21:02:45","slug":"politique-de-confidentialite-do110cpm","status":"publish","type":"page","link":"https:\/\/sixnapsis.com\/?page_id=196","title":{"rendered":"Politique de confidentialit\u00e9 do110cpm"},"content":{"rendered":"\n<p>Lorsque vous utilisez notre application, vous nous faites confiance pour le traitement de vos donn\u00e9es. Les pr\u00e9sentes r\u00e8gles de confidentialit\u00e9 visent \u00e0 vous indiquer quelles informations nous collectons et \u00e0 quelles fins. Ces r\u00e8gles sont importantes et nous vous invitons \u00e0 les lire attentivement.<\/p>\n\n\n\n<p>L&rsquo;application do110cpm ne transf\u00e8re actuellement aucune donn\u00e9e personnelle.<\/p>\n\n\n\n<p>Nous n&rsquo;utilisons pas actuellement de tracker. <\/p>\n\n\n\n<p>Cette page sera amen\u00e9e \u00e0 \u00eatre modifi\u00e9e en cas d&rsquo;ajout d&rsquo;outils de tracking comme des outils de surveillance de bugs ou de statistiques d&rsquo;utilisation (Motamo conforme RGPD).<\/p>\n\n\n\n<p>J. Verch\u00e8re &#8211; 5 f\u00e9vrier 2024.<\/p>\n","protected":false},"excerpt":{"rendered":"<p>Lorsque vous utilisez notre application, vous nous faites confiance pour le traitement de vos donn\u00e9es. Les pr\u00e9sentes r\u00e8gles de confidentialit\u00e9 visent \u00e0 [&hellip;]<\/p>\n","protected":false},"author":1,"featured_media":0,"parent":0,"menu_order":0,"comment_status":"closed","ping_status":"closed","template":"","meta":{"footnotes":""},"class_list":["post-196","page","type-page","status-publish","hentry"],"_links":{"self":[{"href":"https:\/\/sixnapsis.com\/index.php?rest_route=\/wp\/v2\/pages\/196","targetHints":{"allow":["GET"]}}],"collection":[{"href":"https:\/\/sixnapsis.com\/index.php?rest_route=\/wp\/v2\/pages"}],"about":[{"href":"https:\/\/sixnapsis.com\/index.php?rest_route=\/wp\/v2\/types\/page"}],"author":[{"embeddable":true,"href":"https:\/\/sixnapsis.com\/index.php?rest_route=\/wp\/v2\/users\/1"}],"replies":[{"embeddable":true,"href":"https:\/\/sixnapsis.com\/index.php?rest_route=%2Fwp%2Fv2%2Fcomments&post=196"}],"version-history":[{"count":1,"href":"https:\/\/sixnapsis.com\/index.php?rest_route=\/wp\/v2\/pages\/196\/revisions"}],"predecessor-version":[{"id":197,"href":"https:\/\/sixnapsis.com\/index.php?rest_route=\/wp\/v2\/pages\/196\/revisions\/197"}],"wp:attachment":[{"href":"https:\/\/sixnapsis.com\/index.php?rest_route=%2Fwp%2Fv2%2Fmedia&parent=196"}],"curies":[{"name":"wp","href":"https:\/\/api.w.org\/{rel}","templated":true}]}}